 2.
0
What is -11111 (base 2) in base 16?
-1f
-4 (base 16) to base 3
-11
What is 9 (base 11) in base 10?
9
-3220 (base 4) to base 2
-11101000
Convert 3 (base 11) to base 9.
3
What is -3e (base 16) in base 4?
-332
Convert 0 (base 6) to base 12.
0
What is -10 (base 15) in base 13?
-12
14 (base 12) to base 5
31
Convert -136 (base 14) to base 12.
-184
What is -8 (base 15) in base 13?
-8
-100110011 (base 2) to base 14
-17d
Convert 1 (base 6) to base 15.
1
What is -200 (base 9) in base 15?
-ac
What is 4 (base 15) in base 3?
11
3 (base 15) to base 8
3
Convert 6 (base 13) to base 16.
6
What is 4 (base 5) in base 9?
4
2 (base 6) to base 14
2
What is 9 (base 11) in base 15?
9
Convert -bc (base 16) to base 6.
-512
Convert 1 (base 11) to base 7.
1
-2221 (base 4) to base 3
-20021
Convert 13 (base 11) to base 6.
22
-1 (base 6) to base 5
-1
Convert -302 (base 5) to base 10.
-77
Convert 2 (base 16) to base 6.
2
What is 4 (base 6) in base 3?
11
41 (base 11) to base 12
39
Convert 0 (base 9) to base 2.
0
What is -12 (base 6) in base 12?
-8
-31 (base 4) to base 8
-15
What is -33 (base 9) in base 14?
-22
-11 (base 13) to base 11
-13
Convert -11 (base 15) to base 13.
-13
What is -3041 (base 5) in base 11?
-330
-2 (base 12) to base 16
-2
Convert 1 (base 8) to base 15.
1
100 (base 8) to base 3
2101
-22 (base 6) to base 15
-e
1 (base 16) to base 12
1
Convert -8 (base 12) to base 14.
-8
Convert 5 (base 14) to base 6.
5
Convert 4b (base 12) to base 2.
111011
40 (base 8) to base 14
24
-5 (base 14) to base 13
-5
31 (base 4) to base 9
14
Convert -32 (base 4) to base 2.
-1110
Convert 4 (base 14) to base 8.
4
-2d (base 14) to base 10
-41
What is 0 (base 14) in base 16?
0
What is bc (base 14) in base 11?
141
4 (base 5) to base 15
4
0 (base 13) to base 16
0
-42 (base 9) to base 8
-46
Convert -19 (base 12) to base 5.
-41
Convert 111 (base 3) to base 16.
d
Convert -2 (base 10) to base 12.
-2
Convert -111 (base 2) to base 16.
-7
6 (base 14) to base 12
6
Convert -8a (base 16) to base 15.
-93
Convert 10 (base 4) to base 2.
100
What is 0 (base 16) in base 7?
0
What is -200 (base 3) in base 9?
-20
What is 3 (base 16) in base 6?
3
1b (base 14) to base 3
221
What is 110 (base 8) in base 4?
1020
What is -10220 (base 4) in base 11?
-24a
What is 1020 (base 3) in base 16?
21
What is 30 (base 5) in base 16?
f
10 (base 14) to base 16
e
What is -61 (base 8) in base 4?
-301
Convert 76 (base 8) to base 9.
68
-1 (base 4) to base 10
-1
1010 (base 2) to base 8
12
What is 24 (base 14) in base 4?
200
What is -4 (base 5) in base 8?
-4
Convert -22 (base 4) to base 12.
-a
What is 15b (base 12) in base 4?
3113
Convert -1 (base 7) to base 9.
-1
Convert ba (base 14) to base 8.
244
-2 (base 15) to base 7
-2
What is -1024 (base 5) in base 2?
-10001011
What is 30 (base 4) in base 12?
10
What is 3 (base 16) in base 13?
3
1111 (base 2) to base 12
13
a (base 14) to base 10
10
Convert 10 (base 2) to base 15.
2
Convert 661 (base 7) to base 8.
521
What is -8 (base 14) in base 16?
-8
What is -35 (base 7) in base 11?
-24
Convert 10 (base 2) to base 14.
2
32 (base 5) to base 11
16
-10 (base 16) to base 15
-11
2 (base 11) to base 14
2
What is -17 (base 8) in base 12?
-13
What is 6 (base 14) in base 8?
6
What is -21 (base 12) in base 16?
-19
What is -3 (base 7) in base 2?
-11
Convert -1 (base 8) to base 11.
-1
Convert -4 (base 13) to base 7.
-4
Convert -5 (base 6) to base 16.
-5
Convert -92 (base 13) to base 5.
-434
1 (base 8) to base 4
1
Convert -2 (base 7) to base 5.
-2
What is -31 (base 5) in base 4?
-100
What is 2 (base 4) in base 9?
2
Convert 1 (base 5) to base 13.
1
What is -9 (base 10) in base 11?
-9
What is 3 (base 5) in base 9?
3
What is 159 (base 11) in base 15?
c5
-3 (base 6) to base 12
-3
Convert c (base 15) to base 13.
c
Convert -1 (base 11) to base 8.
-1
What is 73 (base 11) in base 13?
62
What is -2 (base 16) in base 2?
-10
What is -1 (base 12) in base 10?
-1
Convert 5 (base 13) to base 5.
10
1 (base 15) to base 6
1
100 (base 6) to base 16
24
Convert 1111 (base 2) to base 12.
13
What is -3 (base 6) in base 7?
-3
-1 (base 2) to base 13
-1
What is -6 (base 9) in base 10?
-6
What is 18 (base 10) in base 9?
20
What is -21 (base 15) in base 10?
-31
What is -3 (base 8) in base 14?
-3
What is 10 (base 4) in base 15?
4
-3 (base 10) to base 15
-3
-246 (base 10) to base 4
-3312
Convert 3 (base 11) to base 7.
3
What is 11 (base 4) in base 13?
5
What is 341 (base 6) in base 14?
97
What is 16 (base 12) in base 7?
24
Convert -22 (base 3) to base 13.
-8
Convert 4 (base 5) to base 12.
4
-2 (base 12) to base 9
-2
What is -1 (base 4) in base 14?
-1
What is 160 (base 8) in base 3?
11011
Convert 102 (base 3) to base 12.
b
Convert 9b (base 13) to base 3.
11202
Convert 10 (base 10) to base 4.
22
Convert -14 (base 10) to base 4.
-32
-2 (base 7) to base 5
-2
1 (base 7) to base 4
1
What is -b (base 12) in base 8?
-13
133 (base 9) to base 11
a1
-1 (base 13) to base 16
-1
What is 4 (base 16) in base 14?
4
120 (base 3) to base 14
11
112 (base 5) to base 9
35
Convert -23 (base 4) to base 5.
-21
Convert 1 (base 13) to base 16.
1
Convert 1000 (base 2) to base 15.
8
Convert -642 (base 7) to base 10.
-324
What is -a6 (base 11) in base 15?
-7b
-1 (base 3) to base 10
-1
-326 (base 7) to base 2
-10100111
1000 (base 2) to base 9
8
What is 11 (base 5) in base 6?
10
-10 (base 8) to base 16
-8
-101 (base 7) to base 8
-62
67 (base 13) to base 8
125
Convert 0 (base 16) to base 7.
0
Convert -5 (base 7) to base 8.
-5
What is 1 (base 8) in base 5?
1
-2a (base 15) to base 7
-55
What is 32 (base 13) in base 6?
105
-15 (base 11) to base 9
-17
Convert 432 (base 5) to base 11.
a7
Convert 52 (base 12) to base 14.
46
Convert -1014 (base 5) to base 4.
-2012
46 (base 14) to base 5
222
Convert 143 (base 5) to base 4.
300
11 (base 2) to base 11
3
What is -67 (base 10) in base 15?
-47
Convert -4 (base 8) to base 4.
-10
Convert 12 (base 7) to base 11.
9
What is 11 (base 7) in base 4?
20
-5 (base 8) to base 3
-12
Convert -6 (base 12) to base 13.
-6
What is 30 (base 13) in base 7?
54
What is 0 (base 5) in base 4?
0
What is -2 (base 4) in base 6?
-2
What is 100 (base 3) in base 4?
21
Convert -41 (base 12) to base 9.
-54
Convert 77 (base 9) to base 5.
240
-21120 (base 3) to base 4
-3030
What is -12 (base 5) in base 2?
-111
12 (base 3) to base 11
5
-27 (base 8) to base 14
-19
Convert 425 (base 8) to base 3.
101021
Convert -20 (base 6) to base 5.
-22
Convert c0 (base 13) to base 4.
2130
-8 (base 11) to base 3
-22
What is -1 (base 3) in base 11?
-1
Convert -2 (base 4) to base 16.
-2
20 (base 10) to base 5
40
What is 2 (base 7) in base 8?
2
Convert 3f (base 16) to base 7.
120
What is -16 (base 7) in base 5?
-23
What is 4 (base 5) in base 16?
4
Convert -8 (base 16) to base 2.
-1000
What is 107 (base 10) in base 9?
128
Convert -244 (base 6) to base 12.
-84
Convert -3 (base 10) to base 3.
-10
225 (base 6) to base 7
155
-124 (base 5) to base 13
-30
49 (base 11) to base 2
110101
Convert -2 (base 11) to base 4.
-2
What is 32 (base 12) in base 10?
38
What is -10 (base 13) in base 7?
-16
-4 (base 10) to base 7
-4
Convert 101110 (base 2) to base 5.
141
9 (base 14) to base 5
14
-1 (base 5) to base 8
-1
What is 3 (base 14) in base 15?
3
Convert 2 (base 9) to base 8.
2
What is 80 (base 15) in base 2?
1111000
-10101 (base 3) to base 8
-133
What is -2 (base 13) in base 14?
-2
What is a (base 11) in base 6?
14
Convert 1 (base 13) to base 3.
1
Convert -31 (base 16) to base 3.
-1211
Convert -21 (base 12) to base 10.
-25
Convert 1100 (base 2) to base 10.
12
1410 (base 5) to base 13
149
What is -31 (base 9) in base 16?
-1c
What is -3 (base 12) in base 7?
-3
What is -65 (base 7) in base 13?
-38
9 (base 15) to base 9
10
Convert -3 (base 14) to base 7.
-3
Convert 10 (base 3) to base 4.
3
Convert 64 (base 8) to base 3.
1221
49 (base 11) to base 13
41
Convert 0 (base 5) to base 16.
0
What is 4 (base 12) in base 6?
4
-5 (base 12) to base 15
-5
What is -5 (base 14) in base 10?
-5
Convert 1 (base 9) to base 13.
1
Convert b2 (base 12) to base 3.
11222
What is 0 (base 4) in base 7?
0
65 (base 8) to base 14
3b
100000 (base 2) to base 15
22
What is 0 (base 13) in base 10?
0
7 (base 12) to base 7
10
What is 11 (base 4) in base 6?
5
What is -3 (base 5) in base 12?
-3
What is -c (base 14) in base 